 g.
2
Suppose 3*k = -2*a + a + 33, 0 = 4*k + 4*a - 52. Let p(g) = 2*g**2 - 2. Let j be p(4). What is the highest common factor of j and k?
10
Suppose -6*u + 240 = -3*u. What is the highest common divisor of 32 and u?
16
Let v(l) be the second derivative of -7*l**3/6 - 2*l**2 - 2*l. Let r be v(-6). Calculate the highest common factor of r and 95.
19
Let m = 222 - 101. Let v = 24 + -13. What is the greatest common factor of v and m?
11
Let w be (1 - -2)*(3 + -4). Let l be 4/w*21/(-2). Calculate the greatest common factor of 35 and l.
7
Let i be (-86)/(-7) + (-4)/14. Suppose i = 2*a - 0*a. Let o be (-9)/18 - 194/(-4). Calculate the highest common factor of a and o.
6
Let y = 53 + -39. Calculate the highest common factor of y and 2.
2
Let j = 9 + -2. Suppose -s + j = -3. What is the highest common factor of 80 and s?
10
Suppose 0 = -5*o + 51 + 79. Calculate the highest common divisor of o and 39.
13
Let o be 16/(-12)*30/(-4). Suppose -o = -2*v + 2*s, 4*v - 6 = 2*v + s. Let a be ((-100)/(-15))/(v/3). Calculate the highest common divisor of a and 8.
4
Suppose -24 = 2*k - 3*k. Calculate the greatest common divisor of k and 24.
24
Suppose -3*z + 17 + 1 = 0. Suppose 13 = 2*k - 4*m + 1, -2*k = -m - z. Suppose k*l - 4*l = -36. What is the highest common divisor of l and 27?
9
Suppose 263 + 487 = 5*w. Suppose 5*u - w = 15. Calculate the greatest common divisor of u and 3.
3
Suppose 0 = -4*v + v. Let c be (v + (-3)/(-1))/1. Calculate the highest common factor of 3 and c.
3
Suppose 22 = -k - 15. Let s be 2 + 0 - (k - 6). What is the highest common divisor of 9 and s?
9
Let g = -121 - -226. Let r be (4/(-3))/((-4)/126). Calculate the highest common divisor of g and r.
21
Let w = 256 - 141. What is the highest common divisor of 23 and w?
23
Suppose -2*i - 2*i = -104. Let u = -37 - -25. Let z = u + i. What is the greatest common divisor of z and 21?
7
Let k(p) be the third derivative of -p**6/120 + p**5/15 + p**4/6 - 5*p**3/6 + 3*p**2. Let z be k(4). What is the highest common divisor of z and 11?
11
Let b(r) = -r + 8. Let s be b(5). Let p be 52/s + (-2)/(-3). What is the greatest common divisor of 54 and p?
18
Suppose 0 = -3*l - 0*l - 9, -3*a - 4*l + 15 = 0. What is the greatest common divisor of 9 and a?
9
Suppose -12*v - 2616 = -18*v. Suppose 5*c + 3*g + 35 = 0, g + 25 - 4 = -4*c. Let j be c/18 + v/18. What is the highest common divisor of j and 12?
12
Let r(m) = -49*m - 3. Let a be r(-2). What is the greatest common divisor of a and 19?
19
Let b = -26 + 49. Calculate the greatest common factor of b and 184.
23
Let u(l) = -l + 8. Let y = 0 + 0. Let v be u(y). Let x be (-4)/(-12) - 71/(-3). Calculate the greatest common divisor of x and v.
8
Let i be (-16)/(-10) + (-4)/(-10). What is the highest common factor of 6 and i?
2
Suppose 6*v = 2*v - 24. Let z be (-21)/(-14)*(-56)/v. What is the greatest common divisor of 21 and z?
7
Suppose -3*t + 60 = 2*t. Let l be 13 + ((-1)/1)/((-2)/(-2)). What is the highest common factor of t and l?
12
Let t(k) = k + 21. Let y be t(4). Calculate the highest common divisor of 100 and y.
25
Let x = 0 + 0. Suppose 3*b + 18 - 54 = x. Suppose -3*z + 4*z - b = 0. Calculate the highest common divisor of z and 12.
12
Suppose 17 = 2*h + 3*m - 49, -5*m = -3*h + 99. Suppose -7 = -2*n + 5. Let j = n - -5. Calculate the highest common divisor of h and j.
11
Let f(w) = 9*w**2 - 3*w + 14. Let s be f(-7). Calculate the highest common factor of 68 and s.
68
Let v(z) be the third derivative of z**5/20 + z**4/24 - 3*z**2. Let c be v(3). What is the greatest common divisor of 45 and c?
15
Let c be (15/9)/(4/(-24)). Let u be -2 - (c*1 + 2). What is the highest common divisor of 30 and u?
6
Suppose 3*r - 2*l - 53 = -2*r, 2*r - 34 = 4*l. What is the highest common factor of r and 36?
9
Let k(j) = -2*j**2 - 6*j - 9. Let w be k(-7). Let z = w + -56. Let b = z - -233. Calculate the greatest common divisor of 14 and b.
14
Suppose -4*h = -128 - 16. Calculate the highest common divisor of 90 and h.
18
Let t be 774/10 - (-6)/(-15). Suppose 0 = 3*f - 31 - t. Let p(k) = 2*k**2 + 8*k - 12. Let a be p(-6). What is the greatest common divisor of f and a?
12
Suppose -o + 4*k = -3*o + 166, 317 = 4*o + 3*k. Suppose -4 = 4*p, 24 + 13 = 5*m - 2*p. Calculate the highest common divisor of m and o.
7
Let i(n) = 2*n**2 - 5. Let h(d) = d**3 - 5*d**2 - 7*d + 2. Let a be h(6). Let r be i(a). What is the highest common divisor of r and 18?
9
Let a be (-2)/(-6) - (-26)/(-6). Let p be 92/6 + a/(-6). What is the greatest common factor of 80 and p?
16
Let x be 3 - (-3 - 183)/1. Calculate the highest common divisor of 27 and x.
27
Let m(w) = 2*w - 4*w + 468 + w. Let t be m(0). Suppose -3*v + t = v. What is the greatest common factor of v and 13?
13
Let v be 2/(-3 + 5) - -11. What is the greatest common divisor of v and 4?
4
Let u be (4/(-6))/((-6)/36). Calculate the highest common divisor of u and 16.
4
Let v be (-88)/(-5) + (-8)/(-20). What is the greatest common factor of v and 2?
2
Let u be 3 - (-2 - -3 - 196). What is the highest common factor of u and 18?
18
Let o = 58 + -19. Calculate the greatest common factor of 13 and o.
13
Suppose 4*h = 3*d - 90, -d + h = -18 - 12. What is the highest common divisor of d and 270?
30
Let t be (30/9)/((-2)/(-6)). Suppose h = 2*h - t. Suppose h = -0*v + v. What is the greatest common factor of v and 30?
10
Suppose -2*d - 6 = -2. Let t be -3 + d + 149 + -1. Let n = -18 - -31. What is the highest common factor of n and t?
13
Let a = 612 - 244. Let m = a - 233. Let q(t) = -9*t - 3. Let x be q(-2). What is the greatest common factor of x and m?
15
Let o = 5 + 0. Suppose o*i - 5*w = 50, -2*i - i = 3*w - 54. Suppose i = 4*b - 30. Calculate the greatest common factor of 55 and b.
11
Suppose 5*q - 2 = 8. Let k be 4/q + 2 + 0. Suppose -7*t - 32 = -k*i - 3*t, 2*i = -3*t + 26. What is the greatest common divisor of 80 and i?
10
Let f(v) = -6*v - 15. Let n be f(-8). Calculate the highest common factor of 165 and n.
33
Let v = -26 - -36. Suppose -5*t - 2*s - s = 86, 5*s - 54 = 4*t. Let l be (20/t)/((-1)/20). Calculate the greatest common divisor of v and l.
5
Suppose -2*n + 5 + 35 = 0. Suppose -4*j + n = o - 2*j, -5*o = 4*j - 88. Let x(t) = -17*t + 9. Let y be x(-7). Calculate the greatest common factor of y and o.
16
Suppose -6 - 4 = -2*s. Calculate the greatest common divisor of s and 25.
5
Suppose 0 = 4*u - 37 - 11. Let k(n) be the first derivative of 3*n**2 - 1. Let l be k(4). Calculate the greatest common factor of u and l.
12
Let r = 44 + -21. Suppose -6*q + 6 = -0. Let z(f) = 208*f**3 - f**2 - 3*f + 3. Let v be z(q). What is the highest common divisor of v and r?
23
Let j(t) = -t**3 - 7*t**2 - 2*t - 2. Suppose 6*o + 14 = 4*o. Let m be j(o). Calculate the greatest common factor of 108 and m.
12
Let c(b) = -6*b - 12. Let d be c(-4). Suppose 5*n + u - d = 0, -5*n = -u - 2*u - 24. What is the highest common divisor of 9 and n?
3
Let z(w) = w + 12. Let b be z(-8). Suppose -b*i + l = -0*l - 435, -5*i + 570 = 4*l. Calculate the highest common divisor of 10 and i.
10
Suppose -2*j + 174 - 61 = u, -228 = -4*j - 4*u. What is the greatest common divisor of 7 and j?
7
Let n be -1*5/(20/(-712)). Suppose 34 = -4*y + n. Calculate the highest common factor of y and 12.
12
Let v be (6/(-3))/((-2)/92). Let m be v - (3 - 1)/2. Let y(f) = -f**3 + 15*f**2 + 18*f - 19. Let b be y(16). Calculate the highest common factor of b and m.
13
Suppose -3*m + 1 - 4 = 0, -5*y + 5*m + 5 = 0. Suppose y = 4*l - 0*l. Suppose l = v + v - 4. Calculate the highest common divisor of 1 and v.
1
Let k be 1 + (0 - (-1 - 1)). Let c(a) = a + 153. Let o be c(0). Suppose k*g = 2*s + 76, -5*s + 7 + o = 5*g. What is the greatest common divisor of g and 4?
4
Let q = -5 - -6. Let g be (2/3)/(4/18). Calculate the highest common divisor of q and g.
1
Let k(t) = t**2 + 12*t + 35. Let v be k(-12). Calculate the greatest common factor of v and 14.
7
Let n be (-17)/(-85) - (-19)/5. What is the greatest common factor of n and 1?
1
Let a be 9/(-6) + (-297)/(-2). Suppose a - 47 = 2*r. What is the highest common factor of r and 5?
5
Suppose 3*s + h - 87 = 17, -3*h = s - 32. Suppose -134 = -3*y - s. Calculate the greatest common factor of y and 11.
11
Let n be 957/44 + (-2)/(-8). Let d(f) = -5 + f**2 +